digit of 29620?
6
What is the units digit of 4766?
6
What is the units digit of 716?
6
What is the tens digit of 6235?
3
What is the units digit of 5183?
3
What is the thousands digit of 14546?
4
What is the thousands digit of 1568?
1
What is the hundreds digit of 306?
3
What is the tens digit of 1104?
0
What is the units digit of 49372?
2
What is the units digit of 3010?
0
What is the units digit of 23542?
2
What is the thousands digit of 2227?
2
What is the hundreds digit of 1439?
4
What is the units digit of 8604?
4
What is the ten thousands digit of 15527?
1
What is the tens digit of 5279?
7
What is the units digit of 50614?
4
What is the hundreds digit of 282?
2
What is the tens digit of 3325?
2
What is the hundreds digit of 314?
3
What is the hundred thousands digit of 103895?
1
What is the units digit of 9720?
0
What is the thousands digit of 5849?
5
What is the ten thousands digit of 32720?
3
What is the hundreds digit of 122515?
5
What is the hundreds digit of 499?
4
What is the thousands digit of 146401?
6
What is the thousands digit of 2674?
2
What is the units digit of 22988?
8
What is the units digit of 2023?
3
What is the units digit of 6242?
2
What is the tens digit of 5390?
9
What is the units digit of 377?
7
What is the units digit of 1054?
4
What is the hundreds digit of 1740?
7
What is the units digit of 1407?
7
What is the tens digit of 4644?
4
What is the hundreds digit of 2835?
8
What is the ten thousands digit of 15395?
1
What is the tens digit of 88422?
2
What is the tens digit of 7067?
6
What is the ten thousands digit of 16533?
1
What is the units digit of 14847?
7
What is the units digit of 812?
2
What is the hundreds digit of 1567?
5
What is the hundreds digit of 7886?
8
What is the tens digit of 511?
1
What is the hundreds digit of 16101?
1
What is the hundreds digit of 52595?
5
What is the units digit of 59?
9
What is the thousands digit of 73934?
3
What is the units digit of 356?
6
What is the tens digit of 12001?
0
What is the units digit of 1027?
7
What is the hundreds digit of 7571?
5
What is the thousands digit of 4279?
4
What is the hundreds digit of 5617?
6
What is the ten thousands digit of 62355?
6
What is the thousands digit of 1725?
1
What is the tens digit of 587?
8
What is the hundreds digit of 3064?
0
What is the tens digit of 7244?
4
What is the thousands digit of 54806?
4
What is the tens digit of 3762?
6
What is the hundreds digit of 4297?
2
What is the units digit of 10?
0
What is the ten thousands digit of 92708?
9
What is the hundreds digit of 39940?
9
What is the hundreds digit of 5816?
8
What is the thousands digit of 5917?
5
What is the thousands digit of 2440?
2
What is the units digit of 1710?
0
What is the hundreds digit of 1278?
2
What is the ten thousands digit of 52344?
5
What is the ten thousands digit of 23964?
2
What is the hundreds digit of 253?
2
What is the tens digit of 16530?
3
What is the tens digit of 5623?
2
What is the ten thousands digit of 19449?
1
What is the thousands digit of 2549?
2
What is the units digit of 7588?
8
What is the thousands digit of 2974?
2
What is the thousands digit of 11713?
1
What is the hundreds digit of 58249?
2
What is the units digit of 92821?
1
What is the hundreds digit of 16157?
1
What is the tens digit of 9195?
9
What is the tens digit of 563?
6
What is the ten thousands digit of 14485?
1
What is the tens digit of 312?
1
What is the hundreds digit of 4294?
2
What is the tens digit of 758?
5
What is the thousands digit of 1320?
1
What is the tens digit of 69284?
8
What is the thousands digit of 12215?
2
What is the hundreds digit of 598?
5
What is the thousands digit of 1042?
1
What is the units digit of 338?
8
What is the tens digit of 1633?
3
What is the tens digit of 22646?
4
What is the tens digit of 6578?
7
What is the units digit of 9987?
7
What is the tens digit of 1488?
8
What is the tens digit of 2503?
0
What is the tens digit of 631?
3
What is the tens digit of 8127?
2
What is the tens digit of 27533?
3
What is the hundreds digit of 65693?
6
What is the units digit of 1022?
2
What is the thousands digit of 2036?
2
What is the tens digit of 25872?
7
What is the tens digit of 832?
3
What is the thousands digit of 2639?
2
What is the ten thousands digit of 19314?
1
What is the thousands digit of 66636?
6
What is the tens digit of 5451?
5
What is the thousands digit of 43924?
3
What is the hundreds digit of 1393?
3
What is the tens digit of 9905?
0
What is the thousands digit of 8318?
8
What is the units digit of 1?
1
What is the units digit of 27504?
4
What is the units digit of 56386?
6
What is the thousands digit of 10338?
0
What is the units digit of 2568?
8
What is the tens digit of 9884?
8
What is the units digit of 24384?
4
What is the thousands digit of 6403?
6
What is the hundreds digit of 1984?
9
What is the tens digit of 9257?
5
What is the thousands digit of 8121?
8
What is the hundred thousands digit of 144083?
1
What is the thousands digit of 3198?
3
What is the hundreds digit of 27351?
3
What is the units digit of 33117?
7
What is the hundreds digit of 5018?
0
What is the ten thousands digit of 29903?
2
What is the hundreds digit of 31107?
1
What is the units digit of 1013?
3
What is the tens digit of 2859?
5
What is the hundreds digit of 29041?
0
What is the tens digit of 446?
4
What is the tens digit of 904?
0
What is the hundreds digit of 85799?
7
What is the thousands digit of 16235?
6
What is the tens digit of 1126?
2
What is the thousands digit of 24529?
4
What is the thousands digit of 3196?
3
What is the hundreds digit of 962?
9
What is the hundreds digit of 1136?
1
What is the hundreds digit of 315?
3
What is the tens digit of 1609?
0
What is the tens digit of 1231?
3
What is the units digit of 3087?
7
What is the units digit of 1357?
7
What is the hundreds digit of 21399?
3
What is the hundreds digit of 794?
7
What is the hundreds digit of 1080?
0
What is the hundreds digit of 2647?
6
What is the units digit of 839?
9
What is the units digit of 5129?
9
What is the units digit of 1587?
7
What is the thousands digit of 3197?
3
What is the ten thousands digit of 23771?
2
What is the units digit of 56712?
2
What is the units digit of 1071?
1
What is the hundreds digit of 8361?
3
What is the tens digit of 4393?
9
What is the tens digit of 3380?
8
What is the hundreds digit of 34164?
1
What is the hundreds digit of 131?
1
What is the units digit of 280?
0
What is the ten thousands digit of 29710?
2
What is the units digit of 6423?
3
What is the hundreds digit of 413?
4
What is the tens digit of 5116?
1
What is the hundreds digit of 16117?
1
What is the hundreds digit of 1350?
3
What is the tens digit of 119?
1
What is the ten thousands digit of 35609?
3
What is the ten thousands digit of 66940?
6
What is the ten thousands digit of 46200?
4
What is the ten thousands digit of 39909?
3
What is the thousands digit of 1294?
1
What is the units digit of 33371?
1
What is the tens digit of 785?
8
What is the thousands digit of 31180?
1
What is the tens digit of 1514?
1
What is the ten thousands digit of 29660?
2
What is the units digit of 362?
2
What is the tens digit of 772?
7
What is the hundreds digit of 695?
6
What is the tens digit of 1260?
6
What is the tens digit of 12238?
3
What is the tens digit of 1332?
3
What is the units digit of 3585?
5
What is the units digit of 8383?
3
What is the thousands digit of 1947?
1
What is the hundreds digit of 15091?
0
What is the units digit of 3229?
9
What is the tens digit of 959?
5
What is the hundreds digit of 1950?
9
What is the hundreds digit of 69922?
9
What is the units digit of 156?
6
What is the hundreds digit of 6341?
3
What is the hundreds digit of 41707?
7
What is the hundreds digit of 5665?
6
What is the tens digit of 5703?
0
What is the tens digit of 6779?
7
What is the thousands digit of 3038?
3
What is the units digit of 22658?
8
What is the hundreds digit of 287?
2
What is the thousands digit of 11221?
1
What is the tens digit of 1728?
2
What is the hundreds digit of 9185?
1
What is the hundreds digit of 567?
5
What is the thousands digit of 7734?
7
What is the tens digit of 4875?
7
What is the units digit of 1132?
2
What is the hundreds digit of 34020?
0
What 